[INFO] cloning repository https://github.com/MathiasStadler/rust_stock_data_akt
[INFO] running `Command { std: "git" "-c" "credential.helper=" "-c" "credential.helper=/workspace/cargo-home/bin/git-credential-null" "clone" "--bare" "https://github.com/MathiasStadler/rust_stock_data_akt" "/workspace/cache/git-repos/https%3A%2F%2Fgithub.com%2FMathiasStadler%2Frust_stock_data_akt", kill_on_drop: false }`
[INFO] [stderr] Cloning into bare repository '/workspace/cache/git-repos/https%3A%2F%2Fgithub.com%2FMathiasStadler%2Frust_stock_data_akt'...
[INFO] running `Command { std: "git" "rev-parse" "HEAD", kill_on_drop: false }`
[INFO] [stdout] 7c31cdcfb4ce177dedb5ab80a6147d69a52083d6
[INFO] checking MathiasStadler/rust_stock_data_akt against 40527f3e444fde1deb361751bdef9b9e11d1b971+rustflags=--cfg crater_hack --force-warn invalid-c-variadic-arguments for pr-162478
[INFO] running `Command { std: "git" "clone" "/workspace/cache/git-repos/https%3A%2F%2Fgithub.com%2FMathiasStadler%2Frust_stock_data_akt" "/workspace/builds/worker-4-tc2/source", kill_on_drop: false }`
[INFO] [stderr] Cloning into '/workspace/builds/worker-4-tc2/source'...
[INFO] [stderr] done.
[INFO] started tweaking git repo https://github.com/MathiasStadler/rust_stock_data_akt
[INFO] finished tweaking git repo https://github.com/MathiasStadler/rust_stock_data_akt
[INFO] tweaked toml for git repo https://github.com/MathiasStadler/rust_stock_data_akt written to /workspace/builds/worker-4-tc2/source/Cargo.toml
[INFO] validating manifest of git repo https://github.com/MathiasStadler/rust_stock_data_akt on toolchain 40527f3e444fde1deb361751bdef9b9e11d1b971
[INFO] running `Command { std: CARGO_HOME="/workspace/cargo-home" RUSTUP_HOME="/workspace/rustup-home" "/workspace/cargo-home/bin/cargo" "+40527f3e444fde1deb361751bdef9b9e11d1b971" "metadata" "--manifest-path" "Cargo.toml" "--no-deps", kill_on_drop: false }`
[INFO] crate git repo https://github.com/MathiasStadler/rust_stock_data_akt already has a lockfile, it will not be regenerated
[INFO] running `Command { std: CARGO_HOME="/workspace/cargo-home" RUSTUP_HOME="/workspace/rustup-home" "/workspace/cargo-home/bin/cargo" "+40527f3e444fde1deb361751bdef9b9e11d1b971" "fetch" "--manifest-path" "Cargo.toml", kill_on_drop: false }`
[INFO] [stderr] warning: binary `rust_stock_data_akt` should have a kebab-case name
[INFO] [stderr]    |
[INFO] [stderr]  1 | /workspace/builds/worker-4-tc2/source/target/.../rust_stock_data_akt
[INFO] [stderr]    |                                                  ^^^^^^^^^^^^^^^^^^^
[INFO] [stderr]    |
[INFO] [stderr]    = note: `cargo::non_kebab_case_bins` is set to `warn` by default
[INFO] [stderr] help: to change the binary name to `rust-stock-data-akt`, convert `package.name`
[INFO] [stderr]   --> Cargo.toml:20:8
[INFO] [stderr]    |
[INFO] [stderr] 20 - name = "rust_stock_data_akt"
[INFO] [stderr] 20 + name = "rust-stock-data-akt"
[INFO] [stderr]    |
[INFO] [stderr] help: to change the binary name to `rust-stock-data-akt`, specify `bin.name`
[INFO] [stderr]   --> Cargo.toml:21:19
[INFO] [stderr]    |
[INFO] [stderr] 21 ~ version = "0.1.0"
[INFO] [stderr] 22 + [[bin]]
[INFO] [stderr] 23 + name = "rust-stock-data-akt"
[INFO] [stderr] 24 + path = "src/main.rs"
[INFO] [stderr]    |
[INFO] [stderr] warning: `rust_stock_data_akt` (manifest) generated 1 warning
[INFO] [stderr]     Blocking waiting for file lock on package cache
[INFO] [stderr]     Blocking waiting for file lock on package cache
[INFO] [stderr]  Downloading crates ...
[INFO] [stderr]   Downloaded ta v0.5.0
[INFO] [stderr]   Downloaded rustfmt v0.10.0
[INFO] [stderr]   Downloaded strings v0.1.1
[INFO] [stderr]   Downloaded utf8-ranges v1.0.5
[INFO] [stderr]   Downloaded wasm-bindgen-macro v0.2.93
[INFO] [stderr]   Downloaded syntex_pos v0.59.1
[INFO] [stderr]   Downloaded autocfg v0.1.8
[INFO] [stderr]   Downloaded rust_decimal_macros v1.35.0
[INFO] [stderr]   Downloaded wasm-bindgen-shared v0.2.93
[INFO] [stderr]   Downloaded extprim v1.7.1
[INFO] [stderr]   Downloaded ucd-util v0.1.10
[INFO] [stderr]   Downloaded plotters-bitmap v0.3.6
[INFO] [stderr]   Downloaded cstr v0.2.12
[INFO] [stderr]   Downloaded redox_users v0.4.5
[INFO] [stderr]   Downloaded wasm-bindgen v0.2.93
[INFO] [stderr]   Downloaded wasm-bindgen-macro-support v0.2.93
[INFO] [stderr]   Downloaded rkyv_derive v0.7.44
[INFO] [stderr]   Downloaded fdeflate v0.3.4
[INFO] [stderr]   Downloaded pathfinder_simd v0.5.4
[INFO] [stderr]   Downloaded ord_subset v3.1.1
[INFO] [stderr]   Downloaded plotters-backend v0.3.6
[INFO] [stderr]   Downloaded syntex_errors v0.59.1
[INFO] [stderr]   Downloaded serde_json v1.0.125
[INFO] [stderr]   Downloaded indexmap v2.4.0
[INFO] [stderr]   Downloaded wasm-bindgen-backend v0.2.93
[INFO] [stderr]   Downloaded uuid v1.10.0
[INFO] [stderr]   Downloaded rkyv v0.7.44
[INFO] [stderr]   Downloaded plotters-svg v0.3.6
[INFO] [stderr]   Downloaded bytemuck v1.17.0
[INFO] [stderr]   Downloaded png v0.17.13
[INFO] [stderr]   Downloaded font-kit v0.13.2
[INFO] [stderr]   Downloaded syn v2.0.74
[INFO] [stderr]   Downloaded rust_decimal v1.35.0
[INFO] [stderr]   Downloaded flate2 v1.0.31
[INFO] [stderr]   Downloaded cc v1.1.13
[INFO] [stderr]   Downloaded rustc-serialize v0.3.25
[INFO] [stderr]   Downloaded plotters v0.3.6
[INFO] [stderr]   Downloaded libloading v0.8.5
[INFO] [stderr]   Downloaded syntex_syntax v0.59.1
[INFO] [stderr]   Downloaded unicode-width v0.1.13
[INFO] [stderr]   Downloaded csv v1.3.0
[INFO] [stderr]   Downloaded gif v0.12.0
[INFO] [stderr]   Downloaded libc v0.2.156
[INFO] [stderr]   Downloaded decimal v2.1.0
[INFO] [stderr]   Downloaded toml v0.4.10
[INFO] [stderr]   Downloaded yeslogic-fontconfig-sys v5.0.0
[INFO] [stderr]   Downloaded unicode-segmentation v1.11.0
[INFO] running `Command { std: "docker" "create" "-v" "/var/lib/crater-agent-workspace/builds/worker-4-tc2/source:/opt/rustwide/workdir:ro,Z" "-v" "/var/lib/crater-agent-workspace/builds/worker-4-tc2/target:/opt/rustwide/target:rw,Z" "-v" "/var/lib/crater-agent-workspace/cargo-home:/opt/rustwide/cargo-home:ro,Z" "-v" "/var/lib/crater-agent-workspace/rustup-home:/opt/rustwide/rustup-home:ro,Z" "-m" "1610612736" "--network" "none" "ghcr.io/rust-lang/crates-build-env/linux@sha256:8683fc1fc2eb5c9ac98e0d076ab094b2ffac7f99da555d2b6a2e27f346de2ec7" "sleep" "infinity", kill_on_drop: false }`
[INFO] [stdout] e134483d09bc1d8a1bfbb2170240fdc9402367b3eb7b162e05897c949cd3e391
[INFO] running `Command { std: "docker" "start" "e134483d09bc1d8a1bfbb2170240fdc9402367b3eb7b162e05897c949cd3e391", kill_on_drop: false }`
[INFO] running `Command { std: "docker" "inspect" "e134483d09bc1d8a1bfbb2170240fdc9402367b3eb7b162e05897c949cd3e391", kill_on_drop: false }`
[INFO] running `Command { std: "docker" "exec" "-e" "SOURCE_DIR=/opt/rustwide/workdir" "-e" "CARGO_HOME=/opt/rustwide/cargo-home" "-e" "RUSTUP_HOME=/opt/rustwide/rustup-home" "-e" "CARGO_TARGET_DIR=/opt/rustwide/target" "-w" "/opt/rustwide/workdir" "--user" "0:0" "e134483d09bc1d8a1bfbb2170240fdc9402367b3eb7b162e05897c949cd3e391" "/opt/rustwide/cargo-home/bin/cargo" "+40527f3e444fde1deb361751bdef9b9e11d1b971" "metadata" "--no-deps" "--format-version=1", kill_on_drop: false }`
[INFO] running `Command { std: "docker" "inspect" "e134483d09bc1d8a1bfbb2170240fdc9402367b3eb7b162e05897c949cd3e391", kill_on_drop: false }`
[INFO] running `Command { std: "docker" "exec" "-e" "SOURCE_DIR=/opt/rustwide/workdir" "-e" "CARGO_HOME=/opt/rustwide/cargo-home" "-e" "RUSTUP_HOME=/opt/rustwide/rustup-home" "-e" "CARGO_TARGET_DIR=/opt/rustwide/target" "-e" "CARGO_INCREMENTAL=0" "-e" "RUST_BACKTRACE=full" "-e" "RUSTFLAGS=--cap-lints=forbid --cfg crater_hack --force-warn invalid-c-variadic-arguments" "-e" "RUSTDOCFLAGS=--cap-lints=forbid" "-w" "/opt/rustwide/workdir" "--user" "0:0" "e134483d09bc1d8a1bfbb2170240fdc9402367b3eb7b162e05897c949cd3e391" "/opt/rustwide/cargo-home/bin/cargo" "+40527f3e444fde1deb361751bdef9b9e11d1b971" "check" "--frozen" "--all" "--all-targets" "--message-format=json", kill_on_drop: false }`
[INFO] [stderr] warning: binary `rust_stock_data_akt` should have a kebab-case name
[INFO] [stderr]    |
[INFO] [stderr]  1 | /opt/rustwide/target/.../rust_stock_data_akt
[INFO] [stderr]    |                          ^^^^^^^^^^^^^^^^^^^
[INFO] [stderr]    |
[INFO] [stderr]    = note: `cargo::non_kebab_case_bins` is set to `warn` by default
[INFO] [stderr] help: to change the binary name to `rust-stock-data-akt`, convert `package.name`
[INFO] [stderr]   --> Cargo.toml:20:8
[INFO] [stderr]    |
[INFO] [stderr] 20 - name = "rust_stock_data_akt"
[INFO] [stderr] 20 + name = "rust-stock-data-akt"
[INFO] [stderr]    |
[INFO] [stderr] help: to change the binary name to `rust-stock-data-akt`, specify `bin.name`
[INFO] [stderr]   --> Cargo.toml:21:19
[INFO] [stderr]    |
[INFO] [stderr] 21 ~ version = "0.1.0"
[INFO] [stderr] 22 + [[bin]]
[INFO] [stderr] 23 + name = "rust-stock-data-akt"
[INFO] [stderr] 24 + path = "src/main.rs"
[INFO] [stderr]    |
[INFO] [stderr] warning: `rust_stock_data_akt` (manifest) generated 1 warning
[INFO] [stderr]    Compiling proc-macro2 v1.0.86
[INFO] [stderr]    Compiling libc v0.2.156
[INFO] [stderr]    Compiling serde v1.0.208
[INFO] [stderr]     Checking rand_core v0.4.2
[INFO] [stderr]    Compiling autocfg v0.1.8
[INFO] [stderr]    Compiling num-traits v0.2.19
[INFO] [stderr]    Compiling cc v1.1.13
[INFO] [stderr]    Compiling semver v1.0.23
[INFO] [stderr]     Checking log v0.4.22
[INFO] [stderr]     Checking rand_core v0.3.1
[INFO] [stderr]     Checking memchr v2.7.4
[INFO] [stderr]    Compiling semver-parser v0.7.0
[INFO] [stderr]     Checking simd-adler32 v0.3.7
[INFO] [stderr]    Compiling rand_pcg v0.1.2
[INFO] [stderr]    Compiling semver v0.9.0
[INFO] [stderr]    Compiling rustc_version v0.4.0
[INFO] [stderr]    Compiling rand_chacha v0.1.1
[INFO] [stderr]     Checking adler v1.0.2
[INFO] [stderr]     Checking miniz_oxide v0.7.4
[INFO] [stderr]    Compiling rustc_version v0.2.3
[INFO] [stderr]    Compiling pathfinder_simd v0.5.4
[INFO] [stderr]    Compiling yeslogic-fontconfig-sys v5.0.0
[INFO] [stderr]    Compiling rand v0.6.5
[INFO] [stderr]    Compiling quote v1.0.36
[INFO] [stderr]     Checking crc32fast v1.4.2
[INFO] [stderr]     Checking rand_os v0.1.3
[INFO] [stderr]    Compiling extprim v1.7.1
[INFO] [stderr]     Checking fdeflate v0.3.4
[INFO] [stderr]     Checking flate2 v1.0.31
[INFO] [stderr]    Compiling syn v2.0.74
[INFO] [stderr]     Checking log v0.3.9
[INFO] [stderr]     Checking rand_hc v0.1.0
[INFO] [stderr]     Checking rand_isaac v0.1.1
[INFO] [stderr]     Checking rand_xorshift v0.1.1
[INFO] [stderr]     Checking rand_jitter v0.1.4
[INFO] [stderr]     Checking libloading v0.8.5
[INFO] [stderr]    Compiling serde_json v1.0.125
[INFO] [stderr]     Checking ucd-util v0.1.10
[INFO] [stderr]    Compiling regex v0.2.11
[INFO] [stderr]     Checking regex-syntax v0.5.6
[INFO] [stderr]     Checking dlib v0.5.2
[INFO] [stderr]    Compiling cstr v0.2.12
[INFO] [stderr]     Checking png v0.17.13
[INFO] [stderr]     Checking getrandom v0.2.15
[INFO] [stderr]     Checking dirs-sys-next v0.1.2
[INFO] [stderr]     Checking thread_local v0.3.6
[INFO] [stderr]     Checking aho-corasick v0.6.10
[INFO] [stderr]     Checking bytemuck v1.17.0
[INFO] [stderr]    Compiling freetype-sys v0.20.1
[INFO] [stderr]    Compiling rust_decimal v1.35.0
[INFO] [stderr]     Checking weezl v0.1.8
[INFO] [stderr]    Compiling font-kit v0.13.2
[INFO] [stderr]     Checking utf8-ranges v1.0.5
[INFO] [stderr]     Checking plotters-backend v0.3.6
[INFO] [stderr]     Checking jpeg-decoder v0.3.1
[INFO] [stderr]     Checking unicode-xid v0.1.0
[INFO] [stderr]     Checking term v0.4.6
[INFO] [stderr]     Checking gif v0.12.0
[INFO] [stderr]     Checking pathfinder_geometry v0.5.1
[INFO] [stderr]    Compiling decimal v2.1.0
[INFO] [stderr]     Checking dirs-next v2.0.0
[INFO] [stderr]     Checking rand_core v0.6.4
[INFO] [stderr]    Compiling rustfmt v0.10.0
[INFO] [stderr]     Checking unicode-width v0.1.13
[INFO] [stderr]     Checking image v0.24.9
[INFO] [stderr]     Checking bitflags v2.6.0
[INFO] [stderr]    Compiling arrayvec v0.7.6
[INFO] [stderr]     Checking iana-time-zone v0.1.60
[INFO] [stderr]     Checking chrono v0.4.38
[INFO] [stderr]     Checking getopts v0.2.21
[INFO] [stderr]     Checking plotters-svg v0.3.6
[INFO] [stderr]     Checking strings v0.1.1
[INFO] [stderr]     Checking csv-core v0.1.11
[INFO] [stderr]     Checking ord_subset v3.1.1
[INFO] [stdout] error[E0277]: can't compare `(A,)` with `(A,)`
[INFO] [stdout]    --> /opt/rustwide/cargo-home/registry/src/index.crates.io-1949cf8c6b5b557f/ord_subset-3.1.1/src/ord_subset_trait.rs:113:51
[INFO] [stdout]     |
[INFO] [stdout] 113 |               impl<$($T:OrdSubset),+> OrdSubset for ($($T,)+) where last_type!($($T,)+): ?Sized {
[INFO] [stdout]     |                                                     ^^^^^^^^^ no implementation for `(A,) < (A,)` and `(A,) > (A,)`
[INFO] [stdout] ...
[INFO] [stdout] 128 | / tuple_impls! {
[INFO] [stdout] 129 | |     Tuple1 {
[INFO] [stdout] 130 | |         (0) -> A
[INFO] [stdout] ...   |
[INFO] [stdout] 231 | | }
[INFO] [stdout]     | |_- in this macro invocation
[INFO] [stdout]     |
[INFO] [stdout]     = help: the trait `PartialOrd` is not implemented for `(A,)`
[INFO] [stdout] note: required by a bound in `ord_subset_trait::OrdSubset`
[INFO] [stdout]    --> /opt/rustwide/cargo-home/registry/src/index.crates.io-1949cf8c6b5b557f/ord_subset-3.1.1/src/ord_subset_trait.rs:12:22
[INFO] [stdout]     |
[INFO] [stdout]  12 | pub trait OrdSubset: PartialOrd<Self> + PartialEq<Self> {
[INFO] [stdout]     |                      ^^^^^^^^^^^^^^^^ required by this bound in `OrdSubset`
[INFO] [stdout]     = note: this error originates in the macro `tuple_impls` (in Nightly builds, run with -Z macro-backtrace for more info)
[INFO] [stdout] help: consider extending the `where` clause, but there might be an alternative better way to express this requirement
[INFO] [stdout]     |
[INFO] [stdout] 113 |             impl<$($T:OrdSubset),+> OrdSubset for ($($T,)+) where last_type!($($T,)+): ?Sized, (A,): PartialOrd {
[INFO] [stdout]     |                                                                                              ++++++++++++++++++
[INFO] [stdout] 
[INFO] [stdout] 
[INFO] [stdout] error[E0277]: can't compare `(A, B)` with `(A, B)`
[INFO] [stdout]    --> /opt/rustwide/cargo-home/registry/src/index.crates.io-1949cf8c6b5b557f/ord_subset-3.1.1/src/ord_subset_trait.rs:113:51
[INFO] [stdout]     |
[INFO] [stdout] 113 |               impl<$($T:OrdSubset),+> OrdSubset for ($($T,)+) where last_type!($($T,)+): ?Sized {
[INFO] [stdout]     |                                                     ^^^^^^^^^ no implementation for `(A, B) < (A, B)` and `(A, B) > (A, B)`
[INFO] [stdout] ...
[INFO] [stdout] 128 | / tuple_impls! {
[INFO] [stdout] 129 | |     Tuple1 {
[INFO] [stdout] 130 | |         (0) -> A
[INFO] [stdout] ...   |
[INFO] [stdout] 231 | | }
[INFO] [stdout]     | |_- in this macro invocation
[INFO] [stdout]     |
[INFO] [stdout]     = help: the trait `PartialOrd` is not implemented for `(A, B)`
[INFO] [stdout] note: required by a bound in `ord_subset_trait::OrdSubset`
[INFO] [stdout]    --> /opt/rustwide/cargo-home/registry/src/index.crates.io-1949cf8c6b5b557f/ord_subset-3.1.1/src/ord_subset_trait.rs:12:22
[INFO] [stdout]     |
[INFO] [stdout]  12 | pub trait OrdSubset: PartialOrd<Self> + PartialEq<Self> {
[INFO] [stdout]     |                      ^^^^^^^^^^^^^^^^ required by this bound in `OrdSubset`
[INFO] [stdout]     = note: this error originates in the macro `tuple_impls` (in Nightly builds, run with -Z macro-backtrace for more info)
[INFO] [stdout] help: consider extending the `where` clause, but there might be an alternative better way to express this requirement
[INFO] [stdout]     |
[INFO] [stdout] 113 |             impl<$($T:OrdSubset),+> OrdSubset for ($($T,)+) where last_type!($($T,)+): ?Sized, (A, B): PartialOrd {
[INFO] [stdout]     |                                                                                              ++++++++++++++++++++
[INFO] [stdout] 
[INFO] [stdout] 
[INFO] [stdout] error[E0277]: can't compare `(A, B, C)` with `(A, B, C)`
[INFO] [stdout]    --> /opt/rustwide/cargo-home/registry/src/index.crates.io-1949cf8c6b5b557f/ord_subset-3.1.1/src/ord_subset_trait.rs:113:51
[INFO] [stdout]     |
[INFO] [stdout] 113 |               impl<$($T:OrdSubset),+> OrdSubset for ($($T,)+) where last_type!($($T,)+): ?Sized {
[INFO] [stdout]     |                                                     ^^^^^^^^^ no implementation for `(A, B, C) < (A, B, C)` and `(A, B, C) > (A, B, C)`
[INFO] [stdout] ...
[INFO] [stdout] 128 | / tuple_impls! {
[INFO] [stdout] 129 | |     Tuple1 {
[INFO] [stdout] 130 | |         (0) -> A
[INFO] [stdout] ...   |
[INFO] [stdout] 231 | | }
[INFO] [stdout]     | |_- in this macro invocation
[INFO] [stdout]     |
[INFO] [stdout]     = help: the trait `PartialOrd` is not implemented for `(A, B, C)`
[INFO] [stdout] note: required by a bound in `ord_subset_trait::OrdSubset`
[INFO] [stdout]    --> /opt/rustwide/cargo-home/registry/src/index.crates.io-1949cf8c6b5b557f/ord_subset-3.1.1/src/ord_subset_trait.rs:12:22
[INFO] [stdout]     |
[INFO] [stdout]  12 | pub trait OrdSubset: PartialOrd<Self> + PartialEq<Self> {
[INFO] [stdout]     |                      ^^^^^^^^^^^^^^^^ required by this bound in `OrdSubset`
[INFO] [stdout]     = note: this error originates in the macro `tuple_impls` (in Nightly builds, run with -Z macro-backtrace for more info)
[INFO] [stdout] help: consider extending the `where` clause, but there might be an alternative better way to express this requirement
[INFO] [stdout]     |
[INFO] [stdout] 113 |             impl<$($T:OrdSubset),+> OrdSubset for ($($T,)+) where last_type!($($T,)+): ?Sized, (A, B, C): PartialOrd {
[INFO] [stdout]     |                                                                                              +++++++++++++++++++++++
[INFO] [stdout] 
[INFO] [stdout] 
[INFO] [stdout] error[E0277]: can't compare `(A, B, C, D)` with `(A, B, C, D)`
[INFO] [stdout]    --> /opt/rustwide/cargo-home/registry/src/index.crates.io-1949cf8c6b5b557f/ord_subset-3.1.1/src/ord_subset_trait.rs:113:51
[INFO] [stdout]     |
[INFO] [stdout] 113 |               impl<$($T:OrdSubset),+> OrdSubset for ($($T,)+) where last_type!($($T,)+): ?Sized {
[INFO] [stdout]     |                                                     ^^^^^^^^^ no implementation for `(A, B, C, D) < (A, B, C, D)` and `(A, B, C, D) > (A, B, C, D)`
[INFO] [stdout] ...
[INFO] [stdout] 128 | / tuple_impls! {
[INFO] [stdout] 129 | |     Tuple1 {
[INFO] [stdout] 130 | |         (0) -> A
[INFO] [stdout] ...   |
[INFO] [stdout] 231 | | }
[INFO] [stdout]     | |_- in this macro invocation
[INFO] [stdout]     |
[INFO] [stdout]     = help: the trait `PartialOrd` is not implemented for `(A, B, C, D)`
[INFO] [stdout] note: required by a bound in `ord_subset_trait::OrdSubset`
[INFO] [stdout]    --> /opt/rustwide/cargo-home/registry/src/index.crates.io-1949cf8c6b5b557f/ord_subset-3.1.1/src/ord_subset_trait.rs:12:22
[INFO] [stdout]     |
[INFO] [stdout]  12 | pub trait OrdSubset: PartialOrd<Self> + PartialEq<Self> {
[INFO] [stdout]     |                      ^^^^^^^^^^^^^^^^ required by this bound in `OrdSubset`
[INFO] [stdout]     = note: this error originates in the macro `tuple_impls` (in Nightly builds, run with -Z macro-backtrace for more info)
[INFO] [stdout] help: consider extending the `where` clause, but there might be an alternative better way to express this requirement
[INFO] [stdout]     |
[INFO] [stdout] 113 |             impl<$($T:OrdSubset),+> OrdSubset for ($($T,)+) where last_type!($($T,)+): ?Sized, (A, B, C, D): PartialOrd {
[INFO] [stdout]     |                                                                                              ++++++++++++++++++++++++++
[INFO] [stdout] 
[INFO] [stdout] 
[INFO] [stdout] error[E0277]: can't compare `(A, B, C, D, E)` with `(A, B, C, D, E)`
[INFO] [stdout]    --> /opt/rustwide/cargo-home/registry/src/index.crates.io-1949cf8c6b5b557f/ord_subset-3.1.1/src/ord_subset_trait.rs:113:51
[INFO] [stdout]     |
[INFO] [stdout] 113 |               impl<$($T:OrdSubset),+> OrdSubset for ($($T,)+) where last_type!($($T,)+): ?Sized {
[INFO] [stdout]     |                                                     ^^^^^^^^^ no implementation for `(A, B, C, D, E) < (A, B, C, D, E)` and `(A, B, C, D, E) > (A, B, C, D, E)`
[INFO] [stdout] ...
[INFO] [stdout] 128 | / tuple_impls! {
[INFO] [stdout] 129 | |     Tuple1 {
[INFO] [stdout] 130 | |         (0) -> A
[INFO] [stdout] ...   |
[INFO] [stdout] 231 | | }
[INFO] [stdout]     | |_- in this macro invocation
[INFO] [stdout]     |
[INFO] [stdout]     = help: the trait `PartialOrd` is not implemented for `(A, B, C, D, E)`
[INFO] [stdout] note: required by a bound in `ord_subset_trait::OrdSubset`
[INFO] [stdout]    --> /opt/rustwide/cargo-home/registry/src/index.crates.io-1949cf8c6b5b557f/ord_subset-3.1.1/src/ord_subset_trait.rs:12:22
[INFO] [stdout]     |
[INFO] [stdout]  12 | pub trait OrdSubset: PartialOrd<Self> + PartialEq<Self> {
[INFO] [stdout]     |                      ^^^^^^^^^^^^^^^^ required by this bound in `OrdSubset`
[INFO] [stdout]     = note: this error originates in the macro `tuple_impls` (in Nightly builds, run with -Z macro-backtrace for more info)
[INFO] [stdout] help: consider extending the `where` clause, but there might be an alternative better way to express this requirement
[INFO] [stdout]     |
[INFO] [stdout] 113 |             impl<$($T:OrdSubset),+> OrdSubset for ($($T,)+) where last_type!($($T,)+): ?Sized, (A, B, C, D, E): PartialOrd {
[INFO] [stdout]     |                                                                                              +++++++++++++++++++++++++++++
[INFO] [stdout] 
[INFO] [stdout] 
[INFO] [stdout] error[E0277]: can't compare `(A, B, C, D, E, F)` with `(A, B, C, D, E, F)`
[INFO] [stdout]    --> /opt/rustwide/cargo-home/registry/src/index.crates.io-1949cf8c6b5b557f/ord_subset-3.1.1/src/ord_subset_trait.rs:113:51
[INFO] [stdout]     |
[INFO] [stdout] 113 |               impl<$($T:OrdSubset),+> OrdSubset for ($($T,)+) where last_type!($($T,)+): ?Sized {
[INFO] [stdout]     |                                                     ^^^^^^^^^ no implementation for `(A, B, C, D, E, F) < (A, B, C, D, E, F)` and `(A, B, C, D, E, F) > (A, B, C, D, E, F)`
[INFO] [stdout] ...
[INFO] [stdout] 128 | / tuple_impls! {
[INFO] [stdout] 129 | |     Tuple1 {
[INFO] [stdout] 130 | |         (0) -> A
[INFO] [stdout] ...   |
[INFO] [stdout] 231 | | }
[INFO] [stdout]     | |_- in this macro invocation
[INFO] [stdout]     |
[INFO] [stdout]     = help: the trait `PartialOrd` is not implemented for `(A, B, C, D, E, F)`
[INFO] [stdout] note: required by a bound in `ord_subset_trait::OrdSubset`
[INFO] [stdout]    --> /opt/rustwide/cargo-home/registry/src/index.crates.io-1949cf8c6b5b557f/ord_subset-3.1.1/src/ord_subset_trait.rs:12:22
[INFO] [stdout]     |
[INFO] [stdout]  12 | pub trait OrdSubset: PartialOrd<Self> + PartialEq<Self> {
[INFO] [stdout]     |                      ^^^^^^^^^^^^^^^^ required by this bound in `OrdSubset`
[INFO] [stdout]     = note: this error originates in the macro `tuple_impls` (in Nightly builds, run with -Z macro-backtrace for more info)
[INFO] [stdout] help: consider extending the `where` clause, but there might be an alternative better way to express this requirement
[INFO] [stdout]     |
[INFO] [stdout] 113 |             impl<$($T:OrdSubset),+> OrdSubset for ($($T,)+) where last_type!($($T,)+): ?Sized, (A, B, C, D, E, F): PartialOrd {
[INFO] [stdout]     |                                                                                              ++++++++++++++++++++++++++++++++
[INFO] [stdout] 
[INFO] [stdout] 
[INFO] [stdout] error[E0277]: can't compare `(A, B, C, D, E, F, G)` with `(A, B, C, D, E, F, G)`
[INFO] [stdout]    --> /opt/rustwide/cargo-home/registry/src/index.crates.io-1949cf8c6b5b557f/ord_subset-3.1.1/src/ord_subset_trait.rs:113:51
[INFO] [stdout]     |
[INFO] [stdout] 113 |               impl<$($T:OrdSubset),+> OrdSubset for ($($T,)+) where last_type!($($T,)+): ?Sized {
[INFO] [stdout]     |                                                     ^^^^^^^^^ no implementation for `(A, B, C, D, E, F, G) < (A, B, C, D, E, F, G)` and `(A, B, C, D, E, F, G) > (A, B, C, D, E, F, G)`
[INFO] [stdout] ...
[INFO] [stdout] 128 | / tuple_impls! {
[INFO] [stdout] 129 | |     Tuple1 {
[INFO] [stdout] 130 | |         (0) -> A
[INFO] [stdout] ...   |
[INFO] [stdout] 231 | | }
[INFO] [stdout]     | |_- in this macro invocation
[INFO] [stdout]     |
[INFO] [stdout]     = help: the trait `PartialOrd` is not implemented for `(A, B, C, D, E, F, G)`
[INFO] [stdout] note: required by a bound in `ord_subset_trait::OrdSubset`
[INFO] [stdout]    --> /opt/rustwide/cargo-home/registry/src/index.crates.io-1949cf8c6b5b557f/ord_subset-3.1.1/src/ord_subset_trait.rs:12:22
[INFO] [stdout]     |
[INFO] [stdout]  12 | pub trait OrdSubset: PartialOrd<Self> + PartialEq<Self> {
[INFO] [stdout]     |                      ^^^^^^^^^^^^^^^^ required by this bound in `OrdSubset`
[INFO] [stdout]     = note: this error originates in the macro `tuple_impls` (in Nightly builds, run with -Z macro-backtrace for more info)
[INFO] [stdout] help: consider extending the `where` clause, but there might be an alternative better way to express this requirement
[INFO] [stdout]     |
[INFO] [stdout] 113 |             impl<$($T:OrdSubset),+> OrdSubset for ($($T,)+) where last_type!($($T,)+): ?Sized, (A, B, C, D, E, F, G): PartialOrd {
[INFO] [stdout]     |                                                                                              +++++++++++++++++++++++++++++++++++
[INFO] [stdout] 
[INFO] [stdout] 
[INFO] [stdout] error[E0277]: can't compare `(A, B, C, D, E, F, G, H)` with `(A, B, C, D, E, F, G, H)`
[INFO] [stdout]    --> /opt/rustwide/cargo-home/registry/src/index.crates.io-1949cf8c6b5b557f/ord_subset-3.1.1/src/ord_subset_trait.rs:113:51
[INFO] [stdout]     |
[INFO] [stdout] 113 |               impl<$($T:OrdSubset),+> OrdSubset for ($($T,)+) where last_type!($($T,)+): ?Sized {
[INFO] [stdout]     |                                                     ^^^^^^^^^ no implementation for `(A, B, C, D, E, F, G, H) < (A, B, C, D, E, F, G, H)` and `(A, B, C, D, E, F, G, H) > (A, B, C, D, E, F, G, H)`
[INFO] [stdout] ...
[INFO] [stdout] 128 | / tuple_impls! {
[INFO] [stdout] 129 | |     Tuple1 {
[INFO] [stdout] 130 | |         (0) -> A
[INFO] [stdout] ...   |
[INFO] [stdout] 231 | | }
[INFO] [stdout]     | |_- in this macro invocation
[INFO] [stdout]     |
[INFO] [stdout]     = help: the trait `PartialOrd` is not implemented for `(A, B, C, D, E, F, G, H)`
[INFO] [stdout] note: required by a bound in `ord_subset_trait::OrdSubset`
[INFO] [stdout]    --> /opt/rustwide/cargo-home/registry/src/index.crates.io-1949cf8c6b5b557f/ord_subset-3.1.1/src/ord_subset_trait.rs:12:22
[INFO] [stdout]     |
[INFO] [stdout]  12 | pub trait OrdSubset: PartialOrd<Self> + PartialEq<Self> {
[INFO] [stdout]     |                      ^^^^^^^^^^^^^^^^ required by this bound in `OrdSubset`
[INFO] [stdout]     = note: this error originates in the macro `tuple_impls` (in Nightly builds, run with -Z macro-backtrace for more info)
[INFO] [stdout] help: consider extending the `where` clause, but there might be an alternative better way to express this requirement
[INFO] [stdout]     |
[INFO] [stdout] 113 |             impl<$($T:OrdSubset),+> OrdSubset for ($($T,)+) where last_type!($($T,)+): ?Sized, (A, B, C, D, E, F, G, H): PartialOrd {
[INFO] [stdout]     |                                                                                              ++++++++++++++++++++++++++++++++++++++
[INFO] [stdout] 
[INFO] [stdout] 
[INFO] [stdout] error[E0277]: can't compare `(A, B, C, D, E, F, G, H, I)` with `(A, B, C, D, E, F, G, H, I)`
[INFO] [stdout]    --> /opt/rustwide/cargo-home/registry/src/index.crates.io-1949cf8c6b5b557f/ord_subset-3.1.1/src/ord_subset_trait.rs:113:51
[INFO] [stdout]     |
[INFO] [stdout] 113 |               impl<$($T:OrdSubset),+> OrdSubset for ($($T,)+) where last_type!($($T,)+): ?Sized {
[INFO] [stdout]     |                                                     ^^^^^^^^^ no implementation for `(A, B, C, D, E, F, G, H, I) < (A, B, C, D, E, F, G, H, I)` and `(A, B, C, D, E, F, G, H, I) > (A, B, C, D, E, F, G, H, I)`
[INFO] [stdout] ...
[INFO] [stdout] 128 | / tuple_impls! {
[INFO] [stdout] 129 | |     Tuple1 {
[INFO] [stdout] 130 | |         (0) -> A
[INFO] [stdout] ...   |
[INFO] [stdout] 231 | | }
[INFO] [stdout]     | |_- in this macro invocation
[INFO] [stdout]     |
[INFO] [stdout]     = help: the trait `PartialOrd` is not implemented for `(A, B, C, D, E, F, G, H, I)`
[INFO] [stdout] note: required by a bound in `ord_subset_trait::OrdSubset`
[INFO] [stdout]    --> /opt/rustwide/cargo-home/registry/src/index.crates.io-1949cf8c6b5b557f/ord_subset-3.1.1/src/ord_subset_trait.rs:12:22
[INFO] [stdout]     |
[INFO] [stdout]  12 | pub trait OrdSubset: PartialOrd<Self> + PartialEq<Self> {
[INFO] [stdout]     |                      ^^^^^^^^^^^^^^^^ required by this bound in `OrdSubset`
[INFO] [stdout]     = note: this error originates in the macro `tuple_impls` (in Nightly builds, run with -Z macro-backtrace for more info)
[INFO] [stdout] help: consider extending the `where` clause, but there might be an alternative better way to express this requirement
[INFO] [stdout]     |
[INFO] [stdout] 113 |             impl<$($T:OrdSubset),+> OrdSubset for ($($T,)+) where last_type!($($T,)+): ?Sized, (A, B, C, D, E, F, G, H, I): PartialOrd {
[INFO] [stdout]     |                                                                                              +++++++++++++++++++++++++++++++++++++++++
[INFO] [stdout] 
[INFO] [stdout] 
[INFO] [stdout] error[E0277]: can't compare `(A, B, C, D, E, F, G, H, I, J)` with `(A, B, C, D, E, F, G, H, I, J)`
[INFO] [stdout]    --> /opt/rustwide/cargo-home/registry/src/index.crates.io-1949cf8c6b5b557f/ord_subset-3.1.1/src/ord_subset_trait.rs:113:51
[INFO] [stdout]     |
[INFO] [stdout] 113 |               impl<$($T:OrdSubset),+> OrdSubset for ($($T,)+) where last_type!($($T,)+): ?Sized {
[INFO] [stdout]     |                                                     ^^^^^^^^^ no implementation for `(A, B, C, D, E, F, G, H, I, J) < (A, B, C, D, E, F, G, H, I, J)` and `(A, B, C, D, E, F, G, H, I, J) > (A, B, C, D, E, F, G, H, I, J)`
[INFO] [stdout] ...
[INFO] [stdout] 128 | / tuple_impls! {
[INFO] [stdout] 129 | |     Tuple1 {
[INFO] [stdout] 130 | |         (0) -> A
[INFO] [stdout] ...   |
[INFO] [stdout] 231 | | }
[INFO] [stdout]     | |_- in this macro invocation
[INFO] [stdout]     |
[INFO] [stdout]     = help: the trait `PartialOrd` is not implemented for `(A, B, C, D, E, F, G, H, I, J)`
[INFO] [stdout] note: required by a bound in `ord_subset_trait::OrdSubset`
[INFO] [stdout]    --> /opt/rustwide/cargo-home/registry/src/index.crates.io-1949cf8c6b5b557f/ord_subset-3.1.1/src/ord_subset_trait.rs:12:22
[INFO] [stdout]     |
[INFO] [stdout]  12 | pub trait OrdSubset: PartialOrd<Self> + PartialEq<Self> {
[INFO] [stdout]     |                      ^^^^^^^^^^^^^^^^ required by this bound in `OrdSubset`
[INFO] [stdout]     = note: this error originates in the macro `tuple_impls` (in Nightly builds, run with -Z macro-backtrace for more info)
[INFO] [stdout] help: consider extending the `where` clause, but there might be an alternative better way to express this requirement
[INFO] [stdout]     |
[INFO] [stdout] 113 |             impl<$($T:OrdSubset),+> OrdSubset for ($($T,)+) where last_type!($($T,)+): ?Sized, (A, B, C, D, E, F, G, H, I, J): PartialOrd {
[INFO] [stdout]     |                                                                                              ++++++++++++++++++++++++++++++++++++++++++++
[INFO] [stdout] 
[INFO] [stdout] 
[INFO] [stdout] error[E0277]: can't compare `(A, B, C, D, E, F, G, H, I, J, K)` with `(A, B, C, D, E, F, G, H, I, J, K)`
[INFO] [stdout]    --> /opt/rustwide/cargo-home/registry/src/index.crates.io-1949cf8c6b5b557f/ord_subset-3.1.1/src/ord_subset_trait.rs:113:51
[INFO] [stdout]     |
[INFO] [stdout] 113 |               impl<$($T:OrdSubset),+> OrdSubset for ($($T,)+) where last_type!($($T,)+): ?Sized {
[INFO] [stdout]     |                                                     ^^^^^^^^^ no implementation for `(A, B, C, D, E, F, G, H, I, J, K) < (A, B, C, D, E, F, G, H, I, J, K)` and `(A, B, C, D, E, F, G, H, I, J, K) > (A, B, C, D, E, F, G, H, I, J, K)`
[INFO] [stdout] ...
[INFO] [stdout] 128 | / tuple_impls! {
[INFO] [stdout] 129 | |     Tuple1 {
[INFO] [stdout] 130 | |         (0) -> A
[INFO] [stdout] ...   |
[INFO] [stdout] 231 | | }
[INFO] [stdout]     | |_- in this macro invocation
[INFO] [stdout]     |
[INFO] [stdout]     = help: the trait `PartialOrd` is not implemented for `(A, B, C, D, E, F, G, H, I, J, K)`
[INFO] [stdout] note: required by a bound in `ord_subset_trait::OrdSubset`
[INFO] [stdout]    --> /opt/rustwide/cargo-home/registry/src/index.crates.io-1949cf8c6b5b557f/ord_subset-3.1.1/src/ord_subset_trait.rs:12:22
[INFO] [stdout]     |
[INFO] [stdout]  12 | pub trait OrdSubset: PartialOrd<Self> + PartialEq<Self> {
[INFO] [stdout]     |                      ^^^^^^^^^^^^^^^^ required by this bound in `OrdSubset`
[INFO] [stdout]     = note: this error originates in the macro `tuple_impls` (in Nightly builds, run with -Z macro-backtrace for more info)
[INFO] [stdout] help: consider extending the `where` clause, but there might be an alternative better way to express this requirement
[INFO] [stdout]     |
[INFO] [stdout] 113 |             impl<$($T:OrdSubset),+> OrdSubset for ($($T,)+) where last_type!($($T,)+): ?Sized, (A, B, C, D, E, F, G, H, I, J, K): PartialOrd {
[INFO] [stdout]     |                                                                                              +++++++++++++++++++++++++++++++++++++++++++++++
[INFO] [stdout] 
[INFO] [stdout] 
[INFO] [stdout] error[E0277]: can't compare `(A, B, C, D, E, F, G, H, I, J, K, L)` with `(A, B, C, D, E, F, G, H, I, J, K, L)`
[INFO] [stdout]    --> /opt/rustwide/cargo-home/registry/src/index.crates.io-1949cf8c6b5b557f/ord_subset-3.1.1/src/ord_subset_trait.rs:113:51
[INFO] [stdout]     |
[INFO] [stdout] 113 |               impl<$($T:OrdSubset),+> OrdSubset for ($($T,)+) where last_type!($($T,)+): ?Sized {
[INFO] [stdout]     |                                                     ^^^^^^^^^ no implementation for `(A, B, C, D, E, F, G, H, I, J, K, L) < (A, B, C, D, E, F, G, H, I, J, K, L)` and `(A, B, C, D, E, F, G, H, I, J, K, L) > (A, B, C, D, E, F, G, H, I, J, K, L)`
[INFO] [stdout] ...
[INFO] [stdout] 128 | / tuple_impls! {
[INFO] [stdout] 129 | |     Tuple1 {
[INFO] [stdout] 130 | |         (0) -> A
[INFO] [stdout] ...   |
[INFO] [stdout] 231 | | }
[INFO] [stdout]     | |_- in this macro invocation
[INFO] [stdout]     |
[INFO] [stdout]     = help: the trait `PartialOrd` is not implemented for `(A, B, C, D, E, F, G, H, I, J, K, L)`
[INFO] [stdout] note: required by a bound in `ord_subset_trait::OrdSubset`
[INFO] [stdout]    --> /opt/rustwide/cargo-home/registry/src/index.crates.io-1949cf8c6b5b557f/ord_subset-3.1.1/src/ord_subset_trait.rs:12:22
[INFO] [stdout]     |
[INFO] [stdout]  12 | pub trait OrdSubset: PartialOrd<Self> + PartialEq<Self> {
[INFO] [stdout]     |                      ^^^^^^^^^^^^^^^^ required by this bound in `OrdSubset`
[INFO] [stdout]     = note: this error originates in the macro `tuple_impls` (in Nightly builds, run with -Z macro-backtrace for more info)
[INFO] [stdout] help: consider extending the `where` clause, but there might be an alternative better way to express this requirement
[INFO] [stdout]     |
[INFO] [stdout] 113 |             impl<$($T:OrdSubset),+> OrdSubset for ($($T,)+) where last_type!($($T,)+): ?Sized, (A, B, C, D, E, F, G, H, I, J, K, L): PartialOrd {
[INFO] [stdout]     |                                                                                              ++++++++++++++++++++++++++++++++++++++++++++++++++
[INFO] [stdout] 
[INFO] [stdout] 
[INFO] [stdout] For more information about this error, try `rustc --explain E0277`.
[INFO] [stdout] 
[INFO] [stderr] error: could not compile `ord_subset` (lib) due to 12 previous errors
[INFO] [stderr] warning: build failed, waiting for other jobs to finish...
[INFO] running `Command { std: "docker" "inspect" "e134483d09bc1d8a1bfbb2170240fdc9402367b3eb7b162e05897c949cd3e391", kill_on_drop: false }`
[INFO] running `Command { std: "docker" "rm" "-f" "e134483d09bc1d8a1bfbb2170240fdc9402367b3eb7b162e05897c949cd3e391", kill_on_drop: false }`
[INFO] [stdout] e134483d09bc1d8a1bfbb2170240fdc9402367b3eb7b162e05897c949cd3e391
